e u(-4). Let x be 10351/55 + 1/y. Suppose -x = g - 5*g. List the prime factors of g.
47
Suppose -t = 1, -5*l - 5*t + 2551 = -5649. What are the prime factors of l?
3, 547
Suppose -z + 70 = -y + 2*y, 0 = -3*z - y + 214. Let b = 102 + -144. Let j = z + b. What are the prime factors of j?
2, 3, 5
Let x = 726 - -1296. What are the prime factors of x?
2, 3, 337
Let l(h) = -7*h + 1. Let w be l(-2). Suppose w*i - 1155 = 8*i. Let s = i + -100. What are the prime factors of s?
5, 13
Suppose -3*c + 6*c - 2*w - 507 = 0, -5*w - 516 = -3*c. Let p = c - 95. List the prime factors of p.
2, 3
Suppose 4*g - 6430 + 1774 = 0. List the prime factors of g.
2, 3, 97
Suppose -17 = -5*m + 2*m - 2*s, 32 = 4*m + 5*s. Let o = -7 - -13. List the prime factors of (m/2)/(o/20).
5
Let v be (1/4)/((-7)/(-28)). Let x be 0/v - -1*2. Suppose 0 = x*b - 80 + 10. List the prime factors of b.
5, 7
Let u = 23 - 14. Suppose -3*b + 4 = v - 7, u = 3*v + b. Suppose -5*f - 55 = -8*f + v*c, 2*f - 54 = -3*c. What are the prime factors of f?
3, 7
Let l(h) = 5*h**2 - 18*h + 9. Let i be l(7). Suppose -4*m + 5*z = -128, 0 = -0*m - 4*m - 3*z + i. What are the prime factors of m?
2
Let i be ((-42)/30)/((-7)/(-35)). Let t(w) = w**2 - 8 - 4*w + 5*w + 0*w. List the prime factors of t(i).
2, 17
Let f = 373 - 89. List the prime factors of f.
2, 71
Let o(p) = 269*p**2 + 3*p - 4. Let t be o(-5). List the prime factors of (-4)/18 - t/(-126).
53
Suppose -3*o = o + 2*c - 46, 4*o = -c + 51. Let f = o + -12. Suppose b = -f*q + 56, -4*q - 3*b + 75 = -41. List the prime factors of q.
2, 13
Suppose 6448 = 10*j - 5*j - k, 5168 = 4*j + 4*k. List the prime factors of j.
2, 3, 5, 43
Let z(j) = -93*j**3 - j - 1. Let w be z(-1). Let f = -41 + w. List the prime factors of f.
2, 13
Let f = 808 + -579. List the prime factors of f.
229
Let p(a) = 28*a - 5. Suppose 2*n = 4*n - 8. Let b be p(n). Suppose -4*g + 4 = 0, 4*i - 2*g + 5*g = b. What are the prime factors of i?
2, 13
Let l be (-428 + 4/2)/(-1). Let n be l/18 - 3/(-9). Let v = n + -9. List the prime factors of v.
3, 5
Let g = 5 + -16. Let s = g + 21. What are the prime factors of s?
2, 5
Let l(y) = -127*y - 7. List the prime factors of l(-2).
13, 19
Let h be -1 + 7173/(-15) - (-1)/5. Let z = -234 - h. What are the prime factors of z?
5, 7
Let p(y) = -2*y**3 - 21*y**2 + 25*y + 56. List the prime factors of p(-13).
2, 3
Let w(z) = 6*z**2 - 4. Let u be w(2). List the prime factors of 1/4 - (-2695)/u.
3, 5
Let q(r) = -r**3 + 4*r**2 - r. Let v be (-117)/(-27) + (-2)/6. Let s be q(v). Let n = 7 - s. What are the prime factors of n?
11
Suppose -5*x + 11338 = -z, x - 1772 = 2*z + 492. What are the prime factors of x?
2, 3, 7
Suppose 0*g = 5*g - 2*r + 460, 0 = -5*r. What are the prime factors of (-3 - g/16)*24?
2, 3, 11
Let f(r) = -r**2 - 6*r + 8. Let u be f(-7). Let o be (-30)/(2 - (2 + u)). Suppose 3*s + 0*s - o = 0. List the prime factors of s.
2, 5
Let d be ((-2)/(2 - 1))/(-1). List the prime factors of (d - 0) + (8 - -60).
2, 5, 7
Suppose -5 = 4*j + 7. Let c be -5*(-4)/(-20)*j. Suppose 0 = -b - 3, b + 31 = d - c. What are the prime factors of d?
31
Suppose 2*g + 15 = 25. Suppose -5*c - 5 = -g*x, 0*x - 2 = 4*c - 3*x. List the prime factors of c/3*-8*-6.
2
Let b(n) = -22*n - 1 - 18*n - 26*n + 64*n. List the prime factors of b(-4).
7
Let g be 25/(-10)*(2 + 0). Let r(h) = h**3 + 6*h**2 - h - 6. Let u be r(g). Suppose 4*m = 5*m - u. List the prime factors of m.
2, 3
Let g = -11 + 11. Suppose g*j - 5*j + 360 = 0. What are the prime factors of j?
2, 3
Let m be 1 + 0 + 4 + -2. Let x(z) = z**2 + 9*z - 10. Let a be x(7). Suppose 4*k + m*q = -4 + a, k = q + 21. What are the prime factors of k?
23
Let d(c) = -c**3 + 4*c**2 - c - 4. Let z be d(3). Let q be -1 - -1 - (-2)/z. Suppose f - 4 = q. List the prime factors of f.
5
Suppose -72*w + 369072 = 102024. List the prime factors of w.
3709
Suppose 2 = 2*f, 6*f - 5*f + 4649 = 5*z. What are the prime factors of z?
2, 3, 5, 31
Let y = -1180 + 2631. List the prime factors of y.
1451
Let n = 23 - 18. Suppose n*u = d + 234, -2*u - 4*d = -102 + 26. What are the prime factors of u?
2, 23
Suppose 5*j - 8021 = 8729. List the prime factors of j.
2, 5, 67
Let b = 180 - -307. What are the prime factors of b?
487
Suppose x - 29 = -5*s, 0 = -9*x + 4*x - 4*s + 40. Suppose 21 - 301 = -x*j. List the prime factors of (-54)/15*j/(-4).
3, 7
What are the prime factors of (-17370)/(-18) - (-4 + -6)?
3, 5, 13
Suppose 0 = -3*p + 2 + 1. Let z be 3/(-4) - 1/4. Let b = p - z. What are the prime factors of b?
2
Let v be (18/(-8))/(3/8). Let k be 1/2 + v/(-4). What are the prime factors of (-2 - 42)*(-1)/k?
2, 11
Let t(m) = -m**2 - 5*m + 8. Let w be t(-6). Suppose -w*k + 3 = -3. What are the prime factors of 0 + k*-4*-2?
2, 3
Let c(t) = t - 3*t - 16 - t. Let j = 404 + -411. List the prime factors of c(j).
5
What are the prime factors of ((-4)/(-1) - 2) + 407?
409
Suppose 4*k + 3*u - 3971 = 0, 5*u + 0*u = 5*k - 4990. What are the prime factors of k?
5, 199
Suppose 2*b = 4*y + 20, -2*b - 4*y - 7 - 13 = 0. Let o be (-8)/6 + 23613/153. Suppose -4*p + p + o = b. What are the prime factors of p?
3, 17
Let x(o) = o**3 + 19*o**2 - 21*o - 18. Let s be x(-20). Suppose s*k + 2*v = 6*v + 228, -v = 3*k - 342. List the prime factors of k.
2, 3, 19
Let c be 12 + (-6)/(-9)*-3. Suppose -z - 2*z = -2*v + 44, 3*v = -5*z + 28. Let t = v + c. What are the prime factors of t?
2, 13
Let l be (-435)/45*(-1 - (0 - -2)). Suppose -l = -r - 3*w, -3*r = r - 4*w - 132. What are the prime factors of r?
2
Suppose 4*i + 54 = 5*l, -2*l - 3*i + 40 = -0. Suppose 128 = -l*r + 16*r. What are the prime factors of r?
2
Let t(k) be the first derivative of 13*k**4/4 - 3*k**2/2 + k - 4. Let h be t(2). Suppose q - 33 = -v, 2*v - h = -3*q + 1. List the prime factors of q.
2, 17
List the prime factors of 1172*(-1 + (-35)/(-28)).
293
Suppose 387 = 4*f - 133. Suppose -2*b - 3*b + f = 0. Let h = b + 12. What are the prime factors of h?
2, 19
Suppose -6 = -u + 3. List the prime factors of (12 - u)*(6 + -1).
3, 5
Suppose 2*p + 4*h = 0, -9 = -3*p + 2*h + h. Suppose c = -p*o + 148, o - 2*o + 4*c = -56. What are the prime factors of o?
2, 3
Suppose 4*n + t - 4*t - 247 = 0, -5*t = -4*n + 249. Let g = n + -39. List the prime factors of g.
2, 11
Let w(x) = x**2 - 6*x - 6. Let k be 1 + 0 + 2 + 3. Let r be w(k). List the prime factors of 9 - 1 - r/3.
2, 5
Let p = 41 + 21. Suppose -118 = -2*o + 2*v, 2*o - p - 57 = 3*v. List the prime factors of o.
2, 29
Let u be (-2 + 184)/((6 - 3) + -2). List the prime factors of u/1 + (2 - 5).
179
Let o = 30 + -26. List the prime factors of -3 - (-2 - 124/o).
2, 3, 5
What are the prime factors of (1 - (-1 - 2)) + 1128/8?
5, 29
Let x(a) be the first derivative of -a**4/4 + 2*a**3/3 + a**2 - a - 2. Let i(c) = -2*c + 18. Let w be i(8). What are the prime factors of x(w)?
3
Let o(n) = 6*n**2 + 40*n - 9. List the prime factors of o(-28).
5, 11, 13
What are the prime factors of (-2)/9 - ((-2257584)/54)/14?
2, 1493
Let v(x) = x**2 - 4*x + 3. Let n be v(4). Suppose 0 = n*p + p - 16. Suppose 127 - 43 = 4*o - 4*c, -5*o = p*c - 105. What are the prime factors of o?
3, 7
What are the prime factors of (149/(-6)*-15)/(2/4)?
5, 149
Let u = -362 + 252. Let y = -54 - u. List the prime factors of y.
2, 7
Let r(u) = -2*u + 64 + 3*u + 51. Let z be r(0). Suppose -6*c + z = -c. List the prime factors of c.
23
Let m(r) = -52*r**3 - 4*r**2 + r + 6. What are the prime factors of m(-2)?
2, 101
List the prime factors of (-10)/8 + (-31696)/(-64).
2, 13, 19
Let i(o) = 106*o + 67. List the prime factors of i(3).
5, 7, 11
What are the prime factors of (-2048 + 3 + -1)*21/(-42)?
3, 11, 31
Suppose -20205 = 2611*d - 2620*d. What are the prime factors of d?
5, 449
Suppose 8 = 4*t - 3*q, -3*q = 2*t - 0*t - 4. Suppose -65 = h - t*h. What are the prime factors of h?
5, 13
Let w(t) be the third derivative of -t**6/120 - t**5/15 + t**4/6 + 2*t**3/3 - 15*t**2. Let q be 10/4*2/(-1). What are the prime factors of w(q)?
3
Let b = 7 - 5. Suppose -j + b = 4. Let g(v) = 2*v**2 + 2*v - 1. What are the prime factors of g(j)?
3
Suppose 801 = -6*y + 9*y. List the prime factors of y.
3, 89
Suppose 13*m = -3*m + 1568. What are the prime factors of m?
2, 7
Suppose -637 = -3*o + 1592. List the prime factors of o.
743
Let z(x) = 46*x*